{"id":54,"date":"2025-08-26T01:26:37","date_gmt":"2025-08-25T23:26:37","guid":{"rendered":"http:\/\/www.kuir.pl\/?page_id=54"},"modified":"2026-01-14T06:45:27","modified_gmt":"2026-01-14T05:45:27","slug":"postepowania-restrukturyzacyjne","status":"publish","type":"page","link":"https:\/\/www.kuir.pl\/?page_id=54","title":{"rendered":"post\u0119powania restrukturyzacyjne"},"content":{"rendered":"\n<p class=\"has-text-align-left\">Post\u0119powanie restrukturyzacyjne to proces maj\u0105cy na celu uratowanie firmy lub osoby fizycznej, kt\u00f3ra znajduje si\u0119 w trudnej sytuacji finansowej, ale jeszcze nie jest w stanie ca\u0142kowicie sp\u0142aci\u0107 swoich d\u0142ug\u00f3w. Dzi\u0119ki temu post\u0119powaniu mo\u017cna opracowa\u0107 i wdro\u017cy\u0107 plan naprawczy, kt\u00f3ry pozwoli na restrukturyzacj\u0119 zad\u0142u\u017cenia, popraw\u0119 sytuacji finansowej i unikni\u0119cie upad\u0142o\u015bci.<\/p>\n\n\n\n<p>W praktyce oznacza to, \u017ce d\u0142u\u017cnik mo\u017ce negocjowa\u0107 z wierzycielami nowe warunki sp\u0142aty, odroczenie termin\u00f3w, umorzenie cz\u0119\u015bci d\u0142ug\u00f3w lub zmian\u0119 struktury zobowi\u0105za\u0144. Celem jest przywr\u00f3cenie stabilno\u015bci finansowej i umo\u017cliwienie dalszego funkcjonowania firmy lub osoby fizycznej na rynku.<\/p>\n\n\n\n<p>Post\u0119powanie restrukturyzacyjne to szansa na drug\u0105 szans\u0119 i odzyskanie kontroli nad finansami, zamiast ko\u0144cowego rozwi\u0105zania, jakim jest upad\u0142o\u015b\u0107.<\/p>\n\n\n<p><style>\n    .sprawy-lista{font-size:1rem}<br \/>\n    .sprawy-lista h2{<br \/>\n      margin:0 0 .8em 0;<br \/>\n      font-size:2.2rem;<br \/>\n      line-height:1.1;<br \/>\n      font-weight:700;<br \/>\n      letter-spacing:.01em;<br \/>\n    }<br \/>\n    .sprawy-lista h3{<br \/>\n      margin:2.2em 0 .8em 0;<br \/>\n      font-size:1.6rem;<br \/>\n      line-height:1.15;<br \/>\n      font-weight:700;<br \/>\n    }<br \/>\n    .sprawy-lista .case{<br \/>\n      margin:0 0 1.4em 0;<br \/>\n    }<br \/>\n    .sprawy-lista .sig{<br \/>\n      font-weight:700;<br \/>\n      margin:0 0 .35em 0;<br \/>\n      line-height:1.15;<br \/>\n    }<br \/>\n    .sprawy-lista .title{<br \/>\n      margin:0 0 .25em 0;<br \/>\n      line-height:1.35;<br \/>\n    }<br \/>\n    .sprawy-lista .court{<br \/>\n      margin:0;<br \/>\n      line-height:1.35;<br \/>\n    }<br \/>\n  <\/style><\/p>\n<h3>\u00a0<\/h3>\n<h3><strong>post\u0119powania restrukturyzacyjne w toku<\/strong><\/h3>\n<div class=\"case\">\n<p>&nbsp;<\/p>\n<p><strong>WWA1M\/GRu\/1\/2026 <\/strong>ASM Sales Force Agency Sp. z o.o. (Warszawa) SR dla m.st. Warszawy<\/p>\n<p><strong>WA1M\/GRu\/4\/2025 <\/strong>Gruppo Trade Service Polska\u00a0Sp. z o.o. (Warszawa), SR dla m.st. Warszawy<\/p>\n<p class=\"sig\"><strong>WA1M\/GRz\/150\/2024 <\/strong>Largo Group Sp. z o.o. (Warszawa), SR dla m.st. Warszawy<\/p>\n<\/div>\n<div class=\"case\">\n<p class=\"sig\"><strong style=\"font-size: inherit;\">WA1M\/GRz\/147\/2024 <\/strong><span style=\"font-size: inherit;\">Financial Service Solutions Sp. z o.o. (Warszawa), SR dla m.st. Warszawy<\/span><\/p>\n<\/div>\n<div class=\"case\">\n<p>&nbsp;<\/p>\n<\/div>\n<h3><strong>post\u0119powania restrukturyzacyjne zako\u0144czone<\/strong><\/h3>\n<div class=\"case\">\n<p>&nbsp;<\/p>\n<p><strong>WA1M\/GRz\/148\/2024 <\/strong>ASM Sales Force Agency Sp. z o.o. (Warszawa) SR dla m.st. Warszawy<\/p>\n<p><strong>EL1E\/GRz-nu\/24\/2023 <\/strong>Stadnina Komi Pl\u0119kity sp. z o.o. (Pl\u0119kity), SR w Elbl\u0105gu<\/p>\n<p><strong>EL1E\/GRz-nu\/24\/2023 <\/strong>Gospodarstwo Rolne Grzegorz Wieczerzak (Pasym)<strong>, <\/strong>SR w Elbl\u0105gu<\/p>\n<p><strong>WA1M\/GRz\/94\/2024 <\/strong>ASM Group S.A. (Warszawa), SR dla m.st. Warszawy<\/p>\n<p><strong>XVIII GRz 160\/21 <\/strong>Scena Kulturalna Sp. z o.o. s.k. (Warszawa), SR dla m.st. Warszawy<\/p>\n<p><strong>XVIII GRp 13\/21 <\/strong>DMW Garden Sp. z o.o. (Warszawa), SR dla m.st. Warszawy<\/p>\n<p><strong>X GUp 109\/16 <\/strong>Hawe S.A. (Warszawa), SR dla m.st. Warszawy<\/p>\n<p><strong>X GRp 13\/17 <\/strong>Verte S.A. (Warszawa) , SR dla m.st. Warszawy<\/p>\n<\/div>","protected":false},"excerpt":{"rendered":"<p>Post\u0119powanie restrukturyzacyjne to proces maj\u0105cy na celu uratowanie firmy lub osoby fizycznej, kt\u00f3ra znajduje si\u0119 w trudnej sytuacji finansowej, ale jeszcze nie jest w stanie ca\u0142kowicie sp\u0142aci\u0107 swoich d\u0142ug\u00f3w. Dzi\u0119ki temu post\u0119powaniu mo\u017cna opracowa\u0107 i wdro\u017cy\u0107 plan naprawczy, kt\u00f3ry pozwoli na restrukturyzacj\u0119 zad\u0142u\u017cenia, popraw\u0119 sytuacji finansowej i unikni\u0119cie upad\u0142o\u015bci. W praktyce oznacza to, \u017ce d\u0142u\u017cnik &#8230; <a title=\"post\u0119powania restrukturyzacyjne\" class=\"read-more\" href=\"https:\/\/www.kuir.pl\/?page_id=54\" aria-label=\"Dowiedz si\u0119 wi\u0119cej o post\u0119powania restrukturyzacyjne\">Dowiedz si\u0119 wi\u0119cej<\/a><\/p>\n","protected":false},"author":1,"featured_media":0,"parent":0,"menu_order":0,"comment_status":"closed","ping_status":"closed","template":"","meta":{"footnotes":""},"class_list":["post-54","page","type-page","status-publish"],"_links":{"self":[{"href":"https:\/\/www.kuir.pl\/index.php?rest_route=\/wp\/v2\/pages\/54","targetHints":{"allow":["GET"]}}],"collection":[{"href":"https:\/\/www.kuir.pl\/index.php?rest_route=\/wp\/v2\/pages"}],"about":[{"href":"https:\/\/www.kuir.pl\/index.php?rest_route=\/wp\/v2\/types\/page"}],"author":[{"embeddable":true,"href":"https:\/\/www.kuir.pl\/index.php?rest_route=\/wp\/v2\/users\/1"}],"replies":[{"embeddable":true,"href":"https:\/\/www.kuir.pl\/index.php?rest_route=%2Fwp%2Fv2%2Fcomments&post=54"}],"version-history":[{"count":24,"href":"https:\/\/www.kuir.pl\/index.php?rest_route=\/wp\/v2\/pages\/54\/revisions"}],"predecessor-version":[{"id":441,"href":"https:\/\/www.kuir.pl\/index.php?rest_route=\/wp\/v2\/pages\/54\/revisions\/441"}],"wp:attachment":[{"href":"https:\/\/www.kuir.pl\/index.php?rest_route=%2Fwp%2Fv2%2Fmedia&parent=54"}],"curies":[{"name":"wp","href":"https:\/\/api.w.org\/{rel}","templated":true}]}}