{"id":50,"date":"2025-08-26T01:21:20","date_gmt":"2025-08-25T23:21:20","guid":{"rendered":"http:\/\/www.kuir.pl\/?page_id=50"},"modified":"2026-02-05T17:05:05","modified_gmt":"2026-02-05T16:05:05","slug":"opinie-sadowe-i-prywatne","status":"publish","type":"page","link":"https:\/\/www.kuir.pl\/?page_id=50","title":{"rendered":"opinie s\u0105dowe i prywatne"},"content":{"rendered":"\n<p>Wojciech Maku\u0107 jako lider zespo\u0142u jest uznanym ekspertem w dziedzinie organizacji i zarz\u0105dzania przedsi\u0119biorstwami, analizy i wyceny przedsi\u0119biorstw oraz rachunkowo\u015bci i finans\u00f3w przedsi\u0119biorstw. Posiada na swoim koncie ok.250 opinii wydanych na potrzeby post\u0119powa\u0144 s\u0105dowych, prokuratorskich, gospodarczych oraz cywilnych, zlecanych przez s\u0105dy, prokuratury, syndyk\u00f3w oraz strony post\u0119powania.<\/p>\n\n\n\n<p><br>Jest wpisany na list\u0119 bieg\u0142ych s\u0105dowych w nast\u0119puj\u0105cych s\u0105dach okr\u0119gowych:<\/p>\n\n\n\n<ul class=\"wp-block-list\">\n<li>S\u0105d Okr\u0119gowy w Warszawie \u2013 jako bieg\u0142y s\u0105dowy IV kadencji w zakresie organizacji i zarz\u0105dzania przedsi\u0119biorstwami, analizy i wyceny przedsi\u0119biorstw.<\/li>\n\n\n\n<li>S\u0105d Okr\u0119gowy w Toruniu \u2013 jako bieg\u0142y s\u0105dowy II kadencji w zakresie organizacji i zarz\u0105dzania przedsi\u0119biorstwami, analizy i wyceny przedsi\u0119biorstw oraz rachunkowo\u015bci i finans\u00f3w przedsi\u0119biorstw.<\/li>\n\n\n\n<li>S\u0105d Okr\u0119gowy w Bia\u0142ymstoku \u2013 jako bieg\u0142y s\u0105dowy II kadencji w zakresie organizacji i zarz\u0105dzania przedsi\u0119biorstwami, analizy i wyceny przedsi\u0119biorstw oraz rachunkowo\u015bci i finans\u00f3w przedsi\u0119biorstw.<\/li>\n\n\n\n<li>S\u0105d Okr\u0119gowy w Radomiu \u2013 jako bieg\u0142y s\u0105dowy III kadencji w zakresie organizacji i zarz\u0105dzania przedsi\u0119biorstwami, analizy i wyceny przedsi\u0119biorstw oraz rachunkowo\u015bci i finans\u00f3w przedsi\u0119biorstw.<\/li>\n<\/ul>\n\n\n\n<p>Ponadto, od 2020 roku jest wpisany na list\u0119 bieg\u0142ych skarbowych pod numerem 157 przy Izbie Administracji Skarbowej w Warszawie. W ramach tej funkcji specjalizuje si\u0119 w:<\/p>\n\n\n\n<ul class=\"wp-block-list\">\n<li>analizie i wycenie przedsi\u0119biorstw (w tym ich zorganizowanych cz\u0119\u015bci),<\/li>\n\n\n\n<li>wycenie warto\u015bci udzia\u0142\u00f3w w przedsi\u0119biorstwach,<\/li>\n\n\n\n<li>wycenie warto\u015bci prowadzonej dzia\u0142alno\u015bci gospodarczej,<\/li>\n\n\n\n<li>wycenie warto\u015bci uzyskanej w ramach podzia\u0142u przedsi\u0119biorstwa,<\/li>\n\n\n\n<li>wycenie warto\u015bci przedsi\u0119biorstwa w post\u0119powaniu spadkowym,<\/li>\n\n\n\n<li>wycenie warto\u015bci przedsi\u0119biorstwa uzyskanego w ramach dzia\u0142u maj\u0105tku wsp\u00f3lnego<\/li>\n\n\n\n<li>wyceny warto\u015bci przedsi\u0119biorstwa uzyskanego w post\u0119powaniu spadkowym.<\/li>\n<\/ul>\n\n\n\n<p><\/p>\n","protected":false},"excerpt":{"rendered":"<p>Wojciech Maku\u0107 jako lider zespo\u0142u jest uznanym ekspertem w dziedzinie organizacji i zarz\u0105dzania przedsi\u0119biorstwami, analizy i wyceny przedsi\u0119biorstw oraz rachunkowo\u015bci i finans\u00f3w przedsi\u0119biorstw. Posiada na swoim koncie ok.250 opinii wydanych na potrzeby post\u0119powa\u0144 s\u0105dowych, prokuratorskich, gospodarczych oraz cywilnych, zlecanych przez s\u0105dy, prokuratury, syndyk\u00f3w oraz strony post\u0119powania. Jest wpisany na list\u0119 bieg\u0142ych s\u0105dowych w nast\u0119puj\u0105cych s\u0105dach &#8230; <a title=\"opinie s\u0105dowe i prywatne\" class=\"read-more\" href=\"https:\/\/www.kuir.pl\/?page_id=50\" aria-label=\"Dowiedz si\u0119 wi\u0119cej o opinie s\u0105dowe i prywatne\">Dowiedz si\u0119 wi\u0119cej<\/a><\/p>\n","protected":false},"author":1,"featured_media":0,"parent":0,"menu_order":0,"comment_status":"closed","ping_status":"closed","template":"","meta":{"footnotes":""},"class_list":["post-50","page","type-page","status-publish"],"_links":{"self":[{"href":"https:\/\/www.kuir.pl\/index.php?rest_route=\/wp\/v2\/pages\/50","targetHints":{"allow":["GET"]}}],"collection":[{"href":"https:\/\/www.kuir.pl\/index.php?rest_route=\/wp\/v2\/pages"}],"about":[{"href":"https:\/\/www.kuir.pl\/index.php?rest_route=\/wp\/v2\/types\/page"}],"author":[{"embeddable":true,"href":"https:\/\/www.kuir.pl\/index.php?rest_route=\/wp\/v2\/users\/1"}],"replies":[{"embeddable":true,"href":"https:\/\/www.kuir.pl\/index.php?rest_route=%2Fwp%2Fv2%2Fcomments&post=50"}],"version-history":[{"count":4,"href":"https:\/\/www.kuir.pl\/index.php?rest_route=\/wp\/v2\/pages\/50\/revisions"}],"predecessor-version":[{"id":448,"href":"https:\/\/www.kuir.pl\/index.php?rest_route=\/wp\/v2\/pages\/50\/revisions\/448"}],"wp:attachment":[{"href":"https:\/\/www.kuir.pl\/index.php?rest_route=%2Fwp%2Fv2%2Fmedia&parent=50"}],"curies":[{"name":"wp","href":"https:\/\/api.w.org\/{rel}","templated":true}]}}