{"id":188,"date":"2025-09-17T20:20:44","date_gmt":"2025-09-17T18:20:44","guid":{"rendered":"https:\/\/www.kuir.pl\/?page_id=188"},"modified":"2025-11-11T10:56:59","modified_gmt":"2025-11-11T09:56:59","slug":"oferty-sprzedazy-2","status":"publish","type":"page","link":"https:\/\/www.kuir.pl\/?page_id=188","title":{"rendered":"oferty sprzeda\u017cy"},"content":{"rendered":"<p><a href=\"https:\/\/www.kuir.pl\/?page_id=91\">nieruchomo\u015bci<\/a><br \/>\n<a href=\"https:\/\/www.kuir.pl\/?page_id=324\">ruchomo\u015bci<\/a><br \/>\n<a href=\"https:\/\/www.kuir.pl\/?page_id=289\">udzia\u0142y \/ akcje<\/a><br \/>\n<a href=\"https:\/\/www.kuir.pl\/?page_id=326\">przedsi\u0119biorstwa<\/a><br \/>\n<a href=\"https:\/\/www.kuir.pl\/?page_id=328\">inne<\/a><\/p>\n","protected":false},"excerpt":{"rendered":"<p>nieruchomo\u015bci ruchomo\u015bci udzia\u0142y \/ akcje przedsi\u0119biorstwa inne<\/p>\n","protected":false},"author":1,"featured_media":0,"parent":0,"menu_order":0,"comment_status":"closed","ping_status":"closed","template":"","meta":{"footnotes":""},"class_list":["post-188","page","type-page","status-publish"],"_links":{"self":[{"href":"https:\/\/www.kuir.pl\/index.php?rest_route=\/wp\/v2\/pages\/188","targetHints":{"allow":["GET"]}}],"collection":[{"href":"https:\/\/www.kuir.pl\/index.php?rest_route=\/wp\/v2\/pages"}],"about":[{"href":"https:\/\/www.kuir.pl\/index.php?rest_route=\/wp\/v2\/types\/page"}],"author":[{"embeddable":true,"href":"https:\/\/www.kuir.pl\/index.php?rest_route=\/wp\/v2\/users\/1"}],"replies":[{"embeddable":true,"href":"https:\/\/www.kuir.pl\/index.php?rest_route=%2Fwp%2Fv2%2Fcomments&post=188"}],"version-history":[{"count":10,"href":"https:\/\/www.kuir.pl\/index.php?rest_route=\/wp\/v2\/pages\/188\/revisions"}],"predecessor-version":[{"id":338,"href":"https:\/\/www.kuir.pl\/index.php?rest_route=\/wp\/v2\/pages\/188\/revisions\/338"}],"wp:attachment":[{"href":"https:\/\/www.kuir.pl\/index.php?rest_route=%2Fwp%2Fv2%2Fmedia&parent=188"}],"curies":[{"name":"wp","href":"https:\/\/api.w.org\/{rel}","templated":true}]}}